 s - 24. Let n(r) = -r**3 + 6*r + 3. What is the tens digit of n(i)?
4
Let n be ((-2)/(-2))/((-64)/(-43264)). Suppose -i - n = -2*g, -5*i - 1358 = -4*g - 6*i. What is the tens digit of g?
3
Let g(d) = -3*d**3 + 17*d**2 + 11*d + 8. Let a be g(-5). What is the hundreds digit of (90/(-135))/((-2)/a)?
2
Let o(b) = b**3 - 71*b**2 + 137*b - 4036. What is the tens digit of o(73)?
2
Let u be 249370/242 + (-6)/(-11). Let h = -530 + u. What is the hundreds digit of h?
5
Let z(s) = 14*s**3 + s**2 - s + 1. Let u be z(1). Suppose -6782 - 4168 = -u*r. What is the hundreds digit of r?
7
Let f = 24106 - 7309. What is the tens digit of -1 - 1/(f/(-2799) - -6)?
3
Let c(k) = 5*k**2 + 46*k + 103. Let u(d) = -d**3 - 13*d**2 + 69*d - 3. Let i be u(-17). What is the units digit of c(i)?
3
Let t = -280 - -282. Suppose -t*x = 10 - 8, 5*w = -4*x + 2621. What is the hundreds digit of w?
5
Let f(b) = 15155*b**2 + 737*b - 1466. What is the thousands digit of f(2)?
0
Let z(n) be the third derivative of 2*n**5/15 - 5*n**4/24 - 7*n**3/6 + n**2 + 8*n. What is the hundreds digit of z(4)?
1
Let s(b) be the first derivative of 38*b**3/3 + 25*b**2/2 - 21*b + 158. What is the tens digit of s(-6)?
9
Suppose q = 0, -137 - 22 = 3*g + 2*q. Let x = g + 51. What is the hundreds digit of (947/(-7))/(-1) + x/7?
1
Let d(s) = s**2 - s. Let y be d(-1). Let q = -7003 + 7006. Suppose 0 = 4*c + y*k - 340, -4*c - q*k + 424 = c. What is the units digit of c?
6
What is the tens digit of (0 + 0 - 2 - 1352)*24/(-48)?
7
Let g = 230 - -410. Suppose -19*w = -17*w - g. What is the tens digit of w?
2
Suppose 0 = 137*s - 141*s - 2*i + 192852, 4*s = 2*i + 192884. What is the units digit of s?
7
Suppose -58*x + 900060 = 152*x. What is the hundreds digit of x?
2
Suppose -2*f - 8*w = -16110, 3*f - f + 5*w = 16119. What is the thousands digit of f?
8
Let x(v) = -v**3 + v**2 + 1. Let s(c) = 17*c**2 + 3*c + 7. Let g(h) = -s(h) + x(h). What is the units digit of g(-16)?
2
Suppose 5*j + 43 - 13 = 0. Let l be 0*1/(-4) - j. Suppose -48 = -l*r + 366. What is the tens digit of r?
6
Let t(r) = 18*r + 122. Let l be t(-7). Let d(c) = -17*c**3 + 7*c**2 + 6*c + 4. What is the thousands digit of d(l)?
1
What is the tens digit of 1/(-10) + -2935*(-1808)/800?
3
Let p(y) = 872*y**3 + 2*y**2 - 3*y. Let n(r) = -2*r + 23. Let q be n(11). What is the tens digit of p(q)?
7
Let w(c) = 1 - 11 + 7 - 18*c**2. Let r be w(3). Let f = -90 - r. What is the units digit of f?
5
Suppose -1876 = 26*t - 19*t. Let y = 571 + t. What is the hundreds digit of y?
3
Let x be (-2)/4*(-60)/(-15)*-281. Suppose 2*t - x = 4*y, -174 = 3*t - 2*y - 1029. What is the units digit of t?
7
Suppose 3 = 3*x + 3*s, -2*s + 4*s - 14 = -4*x. Suppose -x*u = -11*u + 420. Suppose -2*z - 220 = -2*v, -3*v + 230 = 5*z - u. What is the units digit of v?
8
Suppose 579750 + 3249616 = 97*q. What is the hundreds digit of q?
4
What is the tens digit of (-3)/2 + -10*(-9852)/16?
5
Let m = 63 + -93. What is the tens digit of (-4144)/(-12) - 4*5/m?
4
Let b(f) = 338*f**2 + 52*f + 435. What is the tens digit of b(-8)?
5
Suppose 0*l - 8*l = -32. Suppose -698 = -2*u + 4*r, 6*u - l*r - 1400 = 2*u. What is the hundreds digit of u?
3
Let h = -9405 - -20620. What is the hundreds digit of h?
2
Let j = 5 - 3. Let o be ((-7032)/(-48) + 35)/(-1 - 2/(-8)). What is the hundreds digit of (-5)/(5/o) - (j + -1)?
2
Let s be 2*11*(-5)/(-10). Let u = s - 9. Suppose -141 = -u*g + 135. What is the hundreds digit of g?
1
Let z(g) = 5*g + 22 + 9 - 5*g + 11*g. Let c be z(9). Suppose 2*u - 17 = -w, 0*w = -5*w + 5*u + c. What is the tens digit of w?
2
What is the hundreds digit of 1210/(-3)*(2 + 1659/(-42))?
1
Let m(a) = 10*a**2 - 4*a + 17. Let y(f) be the second derivative of -f**4/12 + f**2/2 - 3*f. Let g(h) = m(h) - 6*y(h). What is the hundreds digit of g(3)?
1
Let m(h) = 388*h - 29. Let u be m(1). Suppose u = -7*j + 8*j + 4*x, 5*j = -x + 1833. What is the tens digit of j?
6
What is the hundreds digit of 240/(-560) + 12340/14?
8
Suppose -4*t = -5*o + 17, 3*t = -t - o + 13. Let v(w) = -8*w**t + 6*w + 2*w**2 - 10*w**3 + 18 + 9*w**3 - 10*w**2. What is the units digit of v(-17)?
5
Let h(l) = 181*l - 565. What is the units digit of h(26)?
1
Let l(h) = -1 + 2 + 9 + h + 1. Let f be l(0). Suppose -3*t + 103 + f = 0. What is the units digit of t?
8
Let h = 33 + -31. Suppose -4*q - 184 = -h*j, 4*j - j - 5*q - 272 = 0. What is the tens digit of (-11)/(3*(-2)/j)?
5
Suppose 0 = 4*m + 296 - 2356. Suppose 5*o = 4*u + u - m, 0 = -3*u - 5*o + 301. Let b = u - 57. What is the units digit of b?
5
Let k(v) be the third derivative of -v**6/120 - v**5/5 + v**4/2 - 13*v**3 + 124*v**2. What is the tens digit of k(-16)?
5
Suppose 30*y = 29*y - 12. Let f(x) = 4*x**2 + 8*x + 2*x - 5 + 8 - 3*x**2. What is the tens digit of f(y)?
2
Let q(m) = -2*m**3 - 35*m**2 + 379*m - 43. What is the units digit of q(-30)?
7
Suppose -55026 = -5*z + 2*t + 26501, 3*t - 16285 = -z. What is the tens digit of z?
0
Let o(s) = -4*s**2 - 20*s - 19. Let c(w) = 5*w**2 + 27*w + 25. Let f(a) = -8*c(a) - 11*o(a). Let h = -17 + 12. What is the tens digit of f(h)?
8
Suppose i = 5*d + 13, -4*i - 2 = -8*i - 5*d. Let h(n) be the third derivative of 2*n**5/15 + 5*n**4/24 - 5*n**3/6 + 4*n**2. What is the units digit of h(i)?
2
Let u = -51 + 45. Let k be ((-10)/u)/(6/18). Suppose -k*x = d - 679, -5*x + 3*d = -246 - 417. What is the hundreds digit of x?
1
Suppose -m = 4*n - 16, 4*n - n = -4*m + 12. Suppose -b + m*b = -16. Let d = b - -1. What is the units digit of d?
7
Let i(p) = 19*p**2 + 7*p - 17. Let f be i(3). Suppose 86 = 3*g - f. What is the units digit of g?
7
Let z = -173 + 209. Let j = z + 77. What is the units digit of j?
3
Let b = -58 + 58. Let m be (b + -246)/((-4)/2). Suppose m = -3*i + 4*i. What is the hundreds digit of i?
1
Let a = -314 - -316. Suppose -5*m + t + 3344 = 0, a*m - 4*t = -t + 1335. What is the tens digit of m?
6
Suppose 31470 = 3*k + 2*k + 5*d, -2*k = -d - 12594. What is the units digit of k?
6
Suppose z = 4*p - 17, p - 2*z - 10 = -p. Suppose p*v - 19 = -3. Suppose 12*f - 744 = v*f. What is the units digit of f?
3
Suppose 2340 = -527*d + 528*d. Suppose -225*p - d = -228*p. What is the tens digit of p?
8
What is the thousands digit of -2*(-5867 + (-270)/(-15))?
1
Let z(d) = 324*d + 4097. What is the ten thousands digit of z(58)?
2
What is the hundreds digit of (-10 - 48/(-4) - -7) + 3449?
4
What is the thousands digit of (-12)/21*(9 - 132277/34)?
2
Suppose 3*n = 6, -2*n + 1076 = 2*b - 638. Suppose 3*l + 2*x - b = 0, -1425 = -10*l + 5*l + 4*x. What is the hundreds digit of l?
2
Let q(h) = -h**3 - 10*h**2 - 9*h - 1. Let u be q(-9). Let x(s) = 1 - 2*s - 2*s + 49*s**2 - 4. What is the units digit of x(u)?
0
Let z(b) = -b**2 - 17*b + 79. Let r be z(-33). Let q = -193 - r. What is the tens digit of q?
5
Suppose -15833 = -64*h + 609703. What is the hundreds digit of h?
7
Let c = -952 + 1565. Let p = c - 260. What is the units digit of p?
3
Suppose -28*h = 255043 - 336801 - 416362. What is the thousands digit of h?
7
Suppose -309*t + 273*t = -46980. What is the tens digit of t?
0
Let k(o) = -o + 20. Let i be k(8). Suppose i*b - 2856 = 5*b. What is the tens digit of b?
0
Suppose -8*t + 8 = -16. Suppose t*n + 68 = 479. Let i = n - 64. What is the units digit of i?
3
Let o(q) = 5*q**3 - 95*q**2 + 983*q - 15. What is the units digit of o(11)?
8
Suppose -5*z - 60 = -80. What is the units digit of 5/(z/158*(-8)/(-16))?
5
Let p(d) = d**3 + 2*d**2 - 1. Let z be p(-1). Let c be 1*(z + 3 + 762). Suppose 0 = -9*i + c + 171. What is the units digit of i?
4
Let j = 25581 - -2487. What is the hundreds digit of j?
0
Suppose 10059 = -4*k + 5*k. What is the hundreds digit of k?
0
Let b = -136 - -142. Let d(j) be the third derivative of j**5/30 - 5*j**4/24 + j**3/3 - j**2. What is the units digit of d(b)?
4
Let q be (-4)/7*105/(-10). Suppose 6*u = 18 - q. What is the tens digit of (86 + u)*18/8*1?
9
Let d(q) = 4*q - 568 + 622 - q**2 + 3*q**2. What is the tens digit of d(12)?
9
What is the units digit of (-48)/(-360) - (-150898)/15?
0
Suppose -605 = 4*i - 5*i. Suppose 6*g = i + 595. What is the tens digit of g?
0
Suppose 0*w = -4*w. Suppose -5*o - 2*t + 230 = w, -8 = -t - 3. Suppose -h + 5*n + o = -0*h, 0 = 2*h + 2*n - 88. What is the units digit of h?
4
Let w = 69 